2043062 is divided by 78578?
34
Calculate the remainder when 90884 is divided by 4775.
159
Calculate the remainder when 2448847 is divided by 829.
810
What is the remainder when 586956 is divided by 6242?
208
What is the remainder when 297263 is divided by 845?
668
What is the remainder when 16917813 is divided by 10521?
45
Calculate the remainder when 10168084 is divided by 242095.
94
What is the remainder when 33565542 is divided by 65?
62
What is the remainder when 2600338 is divided by 452?
434
Calculate the remainder when 6933 is divided by 3780.
3153
Calculate the remainder when 1686953 is divided by 792.
785
What is the remainder when 449351 is divided by 149085?
2096
Calculate the remainder when 10417386 is divided by 733.
723
Calculate the remainder when 169441 is divided by 5284.
353
What is the remainder when 48272 is divided by 24069?
134
Calculate the remainder when 70176283 is divided by 11951.
11
Calculate the remainder when 4680015 is divided by 124.
7
What is the remainder when 79619 is divided by 5686?
15
What is the remainder when 119397 is divided by 3167?
2218
What is the remainder when 127292812 is divided by 774?
772
What is the remainder when 735663 is divided by 362?
79
Calculate the remainder when 19335710 is divided by 71.
67
Calculate the remainder when 415490 is divided by 202.
178
Calculate the remainder when 178315 is divided by 25464.
67
Calculate the remainder when 83929 is divided by 19835.
4589
What is the remainder when 24976029 is divided by 106?
97
What is the remainder when 132346 is divided by 652?
642
What is the remainder when 1678049 is divided by 64?
33
Calculate the remainder when 107476 is divided by 2320.
756
Calculate the remainder when 109939 is divided by 383.
18
What is the remainder when 1827979 is divided by 6348?
6103
Calculate the remainder when 554911 is divided by 1512.
7
Calculate the remainder when 40043 is divided by 442.
263
What is the remainder when 7090015 is divided by 80?
15
Calculate the remainder when 10228673 is divided by 810.
803
Calculate the remainder when 22651726 is divided by 22651705.
21
Calculate the remainder when 1112733 is divided by 1608.
1605
What is the remainder when 278272201 is divided by 2498?
2495
What is the remainder when 9116685 is divided by 2279168?
13
Calculate the remainder when 1584130 is divided by 139.
86
Calculate the remainder when 126773 is divided by 124437.
2336
What is the remainder when 124310 is divided by 9771?
7058
What is the remainder when 144884989 is divided by 16?
13
What is the remainder when 860440 is divided by 31866?
58
What is the remainder when 57646 is divided by 1921?
16
Calculate the remainder when 12261726 is divided by 274.
226
What is the remainder when 1790919 is divided by 447722?
31
What is the remainder when 165031 is divided by 1708?
1063
Calculate the remainder when 281125 is divided by 28109.
35
What is the remainder when 5766051 is divided by 20?
11
Calculate the remainder when 77959 is divided by 212.
155
Calculate the remainder when 3969479 is divided by 9542.
7
Calculate the remainder when 645052 is divided by 215005.
37
What is the remainder when 367994 is divided by 6032?
42
Calculate the remainder when 12565713 is divided by 175.
13
Calculate the remainder when 248621 is divided by 33.
32
Calculate the remainder when 33780 is divided by 10816.
1332
Calculate the remainder when 2874988 is divided by 1437494.
0
Calculate the remainder when 180801 is divided by 35400.
3801
Calculate the remainder when 1272841 is divided by 127275.
91
What is the remainder when 2102100 is divided by 1671?
1653
What is the remainder when 713660 is divided by 71330?
360
Calculate the remainder when 5506969 is divided by 781.
138
Calculate the remainder when 721431 is divided by 240177.
900
What is the remainder when 33365770 is divided by 208536?
10
What is the remainder when 615980 is divided by 446?
54
What is the remainder when 313640 is divided by 313589?
51
What is the remainder when 31840149 is divided by 3184012?
29
Calculate the remainder when 4900750 is divided by 288278.
24
Calculate the remainder when 1892669 is divided by 685.
14
What is the remainder when 221760 is divided by 7166?
6780
Calculate the remainder when 222116 is divided by 414.
212
What is the remainder when 812675 is divided by 2508?
83
Calculate the remainder when 8773689 is divided by 20.
9
Calculate the remainder when 126020 is divided by 6259.
840
What is the remainder when 166574 is divided by 1036?
814
What is the remainder when 168524 is divided by 2440?
164
What is the remainder when 12186145 is divided by 114?
1
What is the remainder when 2521239 is divided by 117?
6
What is the remainder when 5426442 is divided by 2318?
4
What is the remainder when 10268665 is divided by 24218?
233
Calculate the remainder when 46364 is divided by 40.
4
Calculate the remainder when 313892 is divided by 545.
517
Calculate the remainder when 6782 is divided by 2669.
1444
What is the remainder when 564418644 is divided by 841?
837
What is the remainder when 368941 is divided by 21673?
500
What is the remainder when 2438209 is divided by 23?
2
Calculate the remainder when 64172828 is divided by 6.
2
Calculate the remainder when 469998 is divided by 894.
648
Calculate the remainder when 2362734 is divided by 337533.
3
Calculate the remainder when 951986 is divided by 567.
560
Calculate the remainder when 48633471 is divided by 65899.
9
What is the remainder when 1722018 is divided by 791?
11
Calculate the remainder when 1742876 is divided by 108929.
12
Calculate the remainder when 319795394 is divided by 2286.
2282
What is the remainder when 331107 is divided by 17398?
545
Calculate the remainder when 4731559 is divided by 6066.
79
What is the remainder when 22738 is divided by 1281?
961
What is the remainder when 12506537 is divided by 18?
11
What is the remainder when 162133 is divided by 1590?
1543
What is the remainder when 956891 is divided by 2340?
2171
What is the remainder when 9309187 is divided by 1188?
19
Calculate the remainder when 70895 is divided by 7038.
515
Calculate the remainder when 302451 is divided by 246.
117
Calculate the remainder when 697162 is divided by 173754.
2146
What is the remainder when 34934 is divided by 1823?
297
Calculate the remainder when 14223507 is divided by 6986.
11
Calculate the remainder when 1695491 is divided by 438.
431
What is the remainder when 390015 is divided by 32377?
1491
Calculate the remainder when 6130635 is divided by 40870.
135
What is the remainder when 6347571 is divided by 1586858?
139
Calculate the remainder when 1401810 is divided by 155733.
213
What is the remainder when 452871566 is divided by 729?
728
Calculate the remainder when 1548135 is divided by 387033.
3
Calculate the remainder when 513137125 is divided by 253.
248
Calculate the remainder when 422917 is divided by 1110.
7
Calculate the remainder when 119572225 is divided by 379.
378
Calculate the remainder when 10550 is divided by 5143.
264
What is the remainder when 188838 is divided by 6?
0
Calculate the remainder when 6567868 is divided by 2189282.
22
Calculate the remainder when 276059 is divided by 4118.
153
What is the remainder when 462076 is divided by 10042?
144
Calculate the remainder when 86706 is divided by 2835.
1656
Calculate the remainder when 534987 is divided by 478.
105
Calculate the remainder when 2742855 is divided by 9591.
9420
What is the remainder when 2689573 is divided by 7?
5
What is the remainder when 14859740 is divided by 745?
715
Calculate the remainder when 83079016 is divided by 9.
7
Calculate the remainder when 29188042 is divided by 2849.
37
Calculate the remainder when 30040 is divided by 29949.
91
Calculate the remainder when 497748 is divided by 45247.
31
What is the remainder when 17825481 is divided by 9512?
9505
What is the remainder when 2304910 is divided by 768301?
7
What is the remainder when 510803 is divided by 93?
47
Calculate the remainder when 2055047 is divided by 5282.
349
What is the remainder when 67985811 is divided by 209?
201
What is the remainder when 48107053 is divided by 3184?
3181
Calculate the remainder when 25966 is divided by 9238.
7490
What is the remainder when 157754 is